{"id":5602,"date":"2016-04-20T18:18:11","date_gmt":"2016-04-20T16:18:11","guid":{"rendered":"http:\/\/blog.atelier-weise.de\/awblog\/?page_id=5602"},"modified":"2016-04-20T18:31:23","modified_gmt":"2016-04-20T16:31:23","slug":"fotobuch","status":"publish","type":"page","link":"http:\/\/blog.atelier-weise.de\/awblog\/?page_id=5602","title":{"rendered":"Fotobuch"},"content":{"rendered":"<p>\u2026 f\u00fcr K\u00fcnstler &amp; Kreative &#8211; pr\u00e4sentieren Sie Ihr Schaffen.<br \/>\nErhalten Sie preiswerte Kleinauflagen z.B. f\u00fcr Bewerbungen zu Wettbewerben oder zur Vorstellung in Museen und Galerien.<\/p>\n","protected":false},"excerpt":{"rendered":"<p>\u2026 f\u00fcr K\u00fcnstler &amp; Kreative &#8211; pr\u00e4sentieren Sie Ihr Schaffen. Erhalten Sie preiswerte Kleinauflagen z.B. f\u00fcr Bewerbungen zu Wettbewerben oder zur Vorstellung in Museen und Galerien.<\/p>\n","protected":false},"author":1,"featured_media":0,"parent":0,"menu_order":0,"comment_status":"closed","ping_status":"open","template":"","meta":{"ngg_post_thumbnail":0,"generate_page_header":"","jetpack_post_was_ever_published":false,"footnotes":""},"class_list":["post-5602","page","type-page","status-publish"],"jetpack_sharing_enabled":true,"jetpack_shortlink":"https:\/\/wp.me\/P7tHLD-1sm","jetpack-related-posts":[],"_links":{"self":[{"href":"http:\/\/blog.atelier-weise.de\/awblog\/index.php?rest_route=\/wp\/v2\/pages\/5602"}],"collection":[{"href":"http:\/\/blog.atelier-weise.de\/awblog\/index.php?rest_route=\/wp\/v2\/pages"}],"about":[{"href":"http:\/\/blog.atelier-weise.de\/awblog\/index.php?rest_route=\/wp\/v2\/types\/page"}],"author":[{"embeddable":true,"href":"http:\/\/blog.atelier-weise.de\/awblog\/index.php?rest_route=\/wp\/v2\/users\/1"}],"replies":[{"embeddable":true,"href":"http:\/\/blog.atelier-weise.de\/awblog\/index.php?rest_route=%2Fwp%2Fv2%2Fcomments&post=5602"}],"version-history":[{"count":4,"href":"http:\/\/blog.atelier-weise.de\/awblog\/index.php?rest_route=\/wp\/v2\/pages\/5602\/revisions"}],"predecessor-version":[{"id":5622,"href":"http:\/\/blog.atelier-weise.de\/awblog\/index.php?rest_route=\/wp\/v2\/pages\/5602\/revisions\/5622"}],"wp:attachment":[{"href":"http:\/\/blog.atelier-weise.de\/awblog\/index.php?rest_route=%2Fwp%2Fv2%2Fmedia&parent=5602"}],"curies":[{"name":"wp","href":"https:\/\/api.w.org\/{rel}","templated":true}]}}